ands digit of 5008?
5
What is the hundreds digit of 9133?
1
What is the units digit of 3181?
1
What is the ten thousands digit of 73180?
7
What is the thousands digit of 13913?
3
What is the hundreds digit of 35739?
7
What is the units digit of 4294?
4
What is the tens digit of 7673?
7
What is the thousands digit of 1488?
1
What is the thousands digit of 7619?
7
What is the hundreds digit of 7021?
0
What is the tens digit of 1431?
3
What is the hundreds digit of 1778?
7
What is the units digit of 1611?
1
What is the tens digit of 96937?
3
What is the tens digit of 2224?
2
What is the tens digit of 86?
8
What is the units digit of 10176?
6
What is the hundreds digit of 32933?
9
What is the tens digit of 340?
4
What is the thousands digit of 66073?
6
What is the thousands digit of 38450?
8
What is the tens digit of 13831?
3
What is the thousands digit of 8515?
8
What is the tens digit of 106?
0
What is the thousands digit of 40224?
0
What is the tens digit of 2403?
0
What is the thousands digit of 60745?
0
What is the hundreds digit of 11619?
6
What is the tens digit of 17976?
7
What is the ten thousands digit of 11217?
1
What is the tens digit of 70736?
3
What is the tens digit of 2338?
3
What is the hundreds digit of 9215?
2
What is the ten thousands digit of 37991?
3
What is the thousands digit of 9978?
9
What is the hundreds digit of 1108?
1
What is the hundreds digit of 3233?
2
What is the ten thousands digit of 18057?
1
What is the ten thousands digit of 24202?
2
What is the hundreds digit of 2595?
5
What is the ten thousands digit of 15818?
1
What is the ten thousands digit of 16177?
1
What is the units digit of 11375?
5
What is the ten thousands digit of 15095?
1
What is the tens digit of 54377?
7
What is the thousands digit of 2292?
2
What is the tens digit of 6376?
7
What is the tens digit of 3459?
5
What is the thousands digit of 2091?
2
What is the thousands digit of 64107?
4
What is the ten thousands digit of 36781?
3
What is the tens digit of 1911?
1
What is the tens digit of 228?
2
What is the hundreds digit of 19684?
6
What is the thousands digit of 26028?
6
What is the units digit of 9851?
1
What is the units digit of 2956?
6
What is the ten thousands digit of 42215?
4
What is the tens digit of 665?
6
What is the hundreds digit of 1439?
4
What is the tens digit of 118?
1
What is the thousands digit of 9281?
9
What is the tens digit of 2463?
6
What is the thousands digit of 56295?
6
What is the units digit of 1068?
8
What is the tens digit of 8434?
3
What is the units digit of 639?
9
What is the units digit of 1571?
1
What is the units digit of 4582?
2
What is the thousands digit of 19752?
9
What is the thousands digit of 17440?
7
What is the tens digit of 4096?
9
What is the units digit of 3074?
4
What is the tens digit of 11947?
4
What is the hundreds digit of 1732?
7
What is the hundreds digit of 907?
9
What is the tens digit of 1748?
4
What is the units digit of 629?
9
What is the thousands digit of 49005?
9
What is the hundreds digit of 5450?
4
What is the ten thousands digit of 34742?
3
What is the hundreds digit of 21756?
7
What is the thousands digit of 1085?
1
What is the units digit of 7544?
4
What is the thousands digit of 2812?
2
What is the units digit of 32327?
7
What is the tens digit of 7382?
8
What is the units digit of 3595?
5
What is the tens digit of 95794?
9
What is the ten thousands digit of 86121?
8
What is the units digit of 2973?
3
What is the ten thousands digit of 24047?
2
What is the hundreds digit of 990?
9
What is the hundreds digit of 1210?
2
What is the units digit of 12981?
1
What is the hundreds digit of 118?
1
What is the hundreds digit of 30042?
0
What is the hundreds digit of 4134?
1
What is the thousands digit of 38710?
8
What is the ten thousands digit of 118645?
1
What is the units digit of 27957?
7
What is the hundreds digit of 15778?
7
What is the hundreds digit of 291?
2
What is the thousands digit of 21267?
1
What is the tens digit of 1059?
5
What is the tens digit of 34154?
5
What is the hundreds digit of 7613?
6
What is the ten thousands digit of 92770?
9
What is the tens digit of 529?
2
What is the tens digit of 43992?
9
What is the units digit of 2155?
5
What is the thousands digit of 16054?
6
What is the units digit of 455?
5
What is the hundreds digit of 86552?
5
What is the thousands digit of 1369?
1
What is the tens digit of 7460?
6
What is the tens digit of 1073?
7
What is the hundreds digit of 1626?
6
What is the ten thousands digit of 138046?
3
What is the units digit of 19827?
7
What is the tens digit of 4683?
8
What is the thousands digit of 1162?
1
What is the tens digit of 42422?
2
What is the units digit of 4603?
3
What is the thousands digit of 1651?
1
What is the hundreds digit of 21176?
1
What is the units digit of 99112?
2
What is the hundreds digit of 2338?
3
What is the thousands digit of 2647?
2
What is the ten thousands digit of 40968?
4
What is the tens digit of 201648?
4
What is the units digit of 3722?
2
What is the hundreds digit of 2431?
4
What is the units digit of 217?
7
What is the hundreds digit of 30538?
5
What is the ten thousands digit of 18878?
1
What is the units digit of 3025?
5
What is the units digit of 946?
6
What is the ten thousands digit of 14801?
1
What is the thousands digit of 5423?
5
What is the tens digit of 13649?
4
What is the tens digit of 1711?
1
What is the units digit of 586?
6
What is the thousands digit of 1029?
1
What is the units digit of 21405?
5
What is the hundreds digit of 617?
6
What is the thousands digit of 20061?
0
What is the hundreds digit of 150777?
7
What is the hundreds digit of 65995?
9
What is the hundreds digit of 26655?
6
What is the hundreds digit of 1710?
7
What is the hundreds digit of 18772?
7
What is the thousands digit of 6104?
6
What is the ten thousands digit of 57445?
5
What is the units digit of 7367?
7
What is the tens digit of 5564?
6
What is the thousands digit of 1114?
1
What is the thousands digit of 67130?
7
What is the thousands digit of 2255?
2
What is the thousands digit of 66786?
6
What is the tens digit of 764?
6
What is the units digit of 17333?
3
What is the units digit of 8748?
8
What is the thousands digit of 96364?
6
What is the ten thousands digit of 17648?
1
What is the tens digit of 7240?
4
What is the units digit of 81486?
6
What is the units digit of 3555?
5
What is the tens digit of 5697?
9
What is the units digit of 1082?
2
What is the hundreds digit of 7175?
1
What is the hundreds digit of 3076?
0
What is the ten thousands digit of 16496?
1
What is the hundreds digit of 5584?
5
What is the units digit of 2342?
2
What is the hundreds digit of 1240?
2
What is the units digit of 30861?
1
What is the tens digit of 3120?
2
What is the tens digit of 8972?
7
What is the tens digit of 6832?
3
What is the tens digit of 73620?
2
What is the hundreds digit of 10118?
1
What is the units digit of 5628?
8
What is the hundreds digit of 8212?
2
What is the units digit of 2658?
8
What is the hundreds digit of 4897?
8
What is the ten thousands digit of 66566?
6
What is the hundred thousands digit of 142604?
1
What is the thousands digit of 3352?
3
What is the tens digit of 662?
6
What is the thousands digit of 12511?
2
What is the tens digit of 1524?
2
What is the tens digit of 2890?
9
What is the units digit of 1419?
9
What is the tens digit of 82664?
6
What is the hundreds digit of 945?
9
What is the hundreds digit of 10592?
5
What is the hundreds digit of 39676?
6
What is the hundreds digit of 13908?
9
What is the thousands digit of 4268?
4
What is the tens digit of 155?
5
What is the thousands digit of 5300?
5
What is the tens digit of 344?
4
What is the thousands digit of 84031?
4
What is the ten thousands digit of 20482?
2
What is the tens digit of 2009?
0
What is the hundreds digit of 2743?
7
What is the hundreds digit of 5587?
5
What is the tens digit of 11337?
3
What is the thousands digit of 1298?
1
What is the tens digit of 3036?
3
What is the ten thousands digit of 125783?
2
What is the hundreds digit of 1319?
3
What is the units digit of 1073?
3
What is the hundreds digit of 7779?
7
What is the units digit of 5460?
0
What is the thousands digit of 1805?
1
What is the ten thousa